 p/7 - 516/(-7) is divided by (-4)/(-18) + 446/18.
24
Let w(y) = -y**3 - 8*y**2 - 2*y + 5. Let q be w(-7). Let j = 67 + q. Calculate the remainder when j is divided by 8.
5
Let b be (1 - 2) + (-8)/(-1 + 9). What is the remainder when 40 is divided by (242/(-33))/(b/3)?
7
Let l(g) = -6*g. Let n be l(6). Calculate the remainder when 142/4 - 54/n is divided by 10.
7
Let h be 61 - (11/(-4) - (-3)/(-12)). Let o(x) = 3*x**2 + 2*x + 4. Let z be o(3). Let p = z + h. Calculate the remainder when p is divided by 26.
23
Let z(u) = -u**3 - 14*u**2 - 33*u + 16. Calculate the remainder when 63 is divided by z(-11).
15
Let b(j) = 5*j + 7. Let h(n) = 9*n - 5. Let i be h(-2). Let o = 27 + i. Calculate the remainder when b(o) is divided by 6.
3
Let m(n) = 2*n**2 - 8*n + 5. Suppose c - 38 = -5*k - 14, -3*c - 23 = -4*k. Let j(s) = 28*s + 1. What is the remainder when j(2) is divided by m(k)?
12
Let p(q) be the first derivative of q**4/4 + 6*q**3 + 8*q**2 + 14*q - 27. What is the remainder when 59 is divided by p(-17)?
28
Suppose 13*n - 431 - 89 = 0. Suppose t + 0*y - 88 = 5*y, 2*y + 238 = 3*t. What is the remainder when t is divided by n?
38
Suppose -5*f + 14 = 2*t, -5*f + 38 = 4*t - 0*f. Let a = 18 - t. What is the remainder when 27 is divided by a?
3
Let w = -16 - -13. Let y = w + 5. Calculate the remainder when 3 is divided by y.
1
Suppose -9 = 9*f - 54. Calculate the remainder when -33*f/(-3)*22/55 is divided by 13.
9
Let i(f) = 5*f**3 - 3*f**2 + 6*f - 4. Let m be ((-18)/8 - -2)*-8. What is the remainder when i(m) is divided by 13?
10
Let l be -4 - (0 + -8 + 1). Calculate the remainder when 87 is divided by 57/l + (3 - 7).
12
Let s(d) = -4*d - 6*d + 2 - 2*d - 2*d. Calculate the remainder when s(-4) is divided by 12.
10
Let n = 18 + -14. Suppose -4 = -3*o + 8. Suppose -3*j + 41 = 4*t - 0*t, t - 20 = -o*j. What is the remainder when t is divided by n?
0
Calculate the remainder when 160 is divided by (-30)/12*((-142)/10 + 3).
20
Let y(o) = 112*o**2 - 13*o + 1. Calculate the remainder when y(1) is divided by 53.
47
Let u = 148 + -71. What is the remainder when u is divided by 66?
11
Let j = 13 - -3. Suppose 56 = -7*t + 3*t. Let o(w) = w**2 + 12*w + 17. What is the remainder when o(t) is divided by j?
13
Suppose 0 = -5*m + 2*s + 1349, 4*m + s = 3*s + 1080. Calculate the remainder when m is divided by 34.
31
Suppose 206*h = -r + 204*h + 124, -4*h = -r + 124. Calculate the remainder when r is divided by (-1)/1 - 52/(-2).
24
Let v(j) = j**2 - 9*j + 14. Let q be v(7). Suppose -4*d = -q*d - 244. Calculate the remainder when d is divided by 9.
7
Let q(l) = 2*l**2 - 20*l + 3. Let w be q(10). Calculate the remainder when (-770)/(-33)*(0 + w) is divided by 9.
7
Suppose 0 = -2*k - 5*o - 209, -406 = 5*k - k - 2*o. Calculate the remainder when (-34)/k*(1/1 + 368) is divided by 31.
30
Let i(f) = 6*f**2 + f + 1. Let a be i(-1). Suppose 2 - a = -m. Calculate the remainder when (m/8)/(1/22) is divided by 3.
2
Suppose 9*h - 61 = -7. Let z(v) = -v - 1. Let i(n) = -10*n + 9. Let o(u) = -i(u) + 5*z(u). What is the remainder when o(h) is divided by 5?
1
Let y = -76 - -243. Calculate the remainder when y is divided by 56.
55
Let d = -27 + 29. Let a be (-4)/(-1) - (38 - d). Let m = 34 + a. What is the remainder when m is divided by 2?
0
Let a = 98 - 61. Let t be (-4)/14 + a/7. What is the remainder when 3 is divided by t/20 - 6/(-8)?
0
Let a = -61 + 48. Let n = 89 + a. Calculate the remainder when n is divided by 27.
22
Suppose 3*c + 2*s - 2970 = 0, 2*c - s - 1291 = 682. Calculate the remainder when c is divided by 23.
22
Let w(s) = -13*s - 13. Suppose 0 = 3*r + 18 - 6. Calculate the remainder when w(r) is divided by 10.
9
Let x be 1/(-2)*-14 + -2. Suppose 505 = -3*g + 6*g - x*l, -3*g = -3*l - 501. Suppose g = 3*q + 2*q. What is the remainder when q is divided by 17?
16
Let k(x) = -x**3 - 8*x**2 + 9*x + 31. What is the remainder when k(-11) is divided by 27?
25
Let k(n) = 12*n - 127. Let b = 22 + 10. What is the remainder when b is divided by k(12)?
15
Let l = 40 - -3. Let g(a) be the second derivative of -a**3/6 + 13*a**2 - 14*a. What is the remainder when l is divided by g(4)?
21
What is the remainder when 2/(-7) - 1925/(-49) - 0 is divided by 26 - (-6)/(-6) - (3 + -1)?
16
Let z(r) = r + 7. Let g be z(-3). Suppose g*o = 2*o. Suppose o = 4*b - 155 - 29. What is the remainder when b is divided by 12?
10
Let n(f) = -f**3 - 26*f**2 - 52*f + 59. Calculate the remainder when n(-24) is divided by 32.
27
Let w = 20 - 9. What is the remainder when 0 - -3 - -25*2 is divided by w?
9
Suppose -40*g + 1404 = -1516. Calculate the remainder when 432 is divided by g.
67
Let r(b) = b**3 + 7*b**2 - b + 9. What is the remainder when (-3)/(-11) + (-170109)/(-1353) is divided by r(-7)?
14
Suppose 3*j - 87*q + 82*q = 1195, -1955 = -5*j + q. What is the remainder when j is divided by 33?
27
Let h(c) = -2*c - 16. Suppose -4*l - 16 = 40. Let n be h(l). What is the remainder when (-1)/3 + 808/n is divided by 17?
16
Suppose -5*u + 9*j + 50 = 6*j, -45 = -5*u + 4*j. What is the remainder when 245 is divided by u?
11
Let c(w) = -w**3 + 5*w**2 + 7*w + 8. Calculate the remainder when c(5) is divided by 11.
10
Suppose -5*a + 15 = 3*p - 4, a - 2 = 0. What is the remainder when (1 + p/(-9))*4*12 is divided by 18?
14
Let a(h) = -h + 4. Let w(j) = -119*j - 35. Let t(x) = 10*x + 3. Let l(b) = -35*t(b) - 3*w(b). Calculate the remainder when l(4) is divided by a(-6).
8
Let v(p) = 49*p - 345. What is the remainder when v(28) is divided by 10?
7
Suppose -4*t - 229 = 5*w, 114 = -4*w + t - 65. Let y = -3 + 7. Calculate the remainder when (-4)/(-6)*w/(-3) is divided by y.
2
Suppose -5*p + f = -1969, 4*p - 5*f = -8*f + 1560. What is the remainder when p is divided by 12?
9
Suppose -28803 - 1143 = -62*w. What is the remainder when w is divided by 27?
24
Suppose -3*q + 3 = 2*n + 4, -2*n + q = -11. Let x(t) = 11*t + 4. What is the remainder when x(n) is divided by 25?
23
Suppose -55*o = -50*o - 100. What is the remainder when 75 is divided by o?
15
Let l = -2062 + 2079. What is the remainder when 61 is divided by l?
10
Let m = 466 + -252. What is the remainder when m is divided by 36?
34
Suppose 18*b = 12*b + 4836. What is the remainder when b is divided by 54?
50
Let n(q) = q**3 - q + 23. Suppose 3*k = 3*t + 210, 5*t - 53 + 269 = 3*k. What is the remainder when k is divided by n(0)?
21
Let k = 4 + 3. Let u = 30 - k. What is the remainder when 67 is divided by u?
21
Suppose 4*w + 136 = 6*w - 4*b, 0 = -5*w - b + 307. Calculate the remainder when 102 is divided by w.
40
Let o = 381 + -371. Calculate the remainder when 97 - (0 + -2 + 0) is divided by o.
9
Suppose 3*h = -h + 52. Let w = h + -1. Suppose -20*b + 10*b = -230. Calculate the remainder when b is divided by w.
11
Suppose -f - 4*r - 26 = 0, -62 = f - 3*r - 2*r. Let u be (-326)/(-12) - (-7)/f. Let q = u + -19. Calculate the remainder when 22 is divided by q.
6
Let a(r) = -r**2 + r + 16. What is the remainder when 429 is divided by a(0)?
13
Let b(d) = -d**3 - 8*d**2 + 42*d - 21. What is the remainder when 248 is divided by b(-12)?
44
Suppose -12 = -2*x - 2*x. Suppose 4*p + 40 = g, -4*g - x*p + 160 = -0*p. Let d = g - 11. Calculate the remainder when 85 is divided by d.
27
Let q = -156 + 323. What is the remainder when q is divided by 13?
11
Let l(t) = 4*t**2 - 2*t - 5. Let w be l(4). Let c = w + -73. Let a = c + 32. Calculate the remainder when 48 is divided by a.
8
Let g = -167 - -262. Calculate the remainder when g is divided by 24.
23
Suppose -9 = -9*a + 12*a. Calculate the remainder when (-1204)/(-21) - (-1)/a is divided by -15*1/4*-4.
12
Suppose -3*r - 4*j = -134, -3*j + 8*j = 3*r - 89. Suppose -5*w - 4*h + 161 = -0*h, -2*w + 5*h + r = 0. What is the remainder when 114 is divided by w?
27
Suppose -5*x + 31 = -19. Suppose 3*f - 130 = -3*b - x, -f = -4*b + 175. What is the remainder when 1/(-2) - b/(-2) is divided by 8?
5
Let a(x) = x**2 - x + 10. Let n be a(11). Let i be n/18*222/5. Suppose 0 = 3*r - 19 - i. What is the remainder when r is divided by 27?
24
Let t(w) = -8*w + 2. Calculate the remainder when t(-17) is divided by 44.
6
Suppose 6*y + 5*a = 2*y + 379, 0 = y - 5*a - 76. Calculate the remainder when y is divided by (-266)/(-8) + 2/(-8).
25
Let k(g) = g**2 + 5. L